{"id":2101,"date":"2015-01-09T20:46:57","date_gmt":"2015-01-09T20:46:57","guid":{"rendered":"http:\/\/www.andrestorres.info.php53-14.dfw1-1.websitetestlink.com\/?page_id=2101"},"modified":"2015-02-25T15:07:29","modified_gmt":"2015-02-25T15:07:29","slug":"curriculum","status":"publish","type":"page","link":"https:\/\/andrestorres.info\/?page_id=2101","title":{"rendered":"Curr\u00edculum"},"content":{"rendered":"<h2 style=\"text-align: center;\">Maestro Andr\u00e9s Torres<\/h2>\n<h3 style=\"text-align: center;\">Pianista Concertista<\/h3>\n<p style=\"text-align: center;\"><a href=\"https:\/\/andrestorres.info\/wp-content\/uploads\/2015\/01\/HV.png\"><img loading=\"lazy\" class=\"alignnone size-medium wp-image-2111\" src=\"https:\/\/andrestorres.info\/wp-content\/uploads\/2015\/01\/HV-225x300.png\" alt=\"HV\" width=\"225\" height=\"300\" srcset=\"https:\/\/andrestorres.info\/wp-content\/uploads\/2015\/01\/HV-225x300.png 225w, https:\/\/andrestorres.info\/wp-content\/uploads\/2015\/01\/HV.png 300w\" sizes=\"(max-width: 225px) 100vw, 225px\" \/><\/a><\/p>\n<p style=\"text-align: justify;\"><span style=\"color: #808080;\">Maestro en Bellas Artes, pianista concertista, m\u00fasico de C\u00e1mara, acompa\u00f1ante, correpetidor y tallerista, graduado con honores del afamado Conservatorio P. I. Tchaicovsky en Mosc\u00fa-Rusia.<\/span><\/p>\n<p style=\"text-align: justify;\"><span style=\"color: #000000;\"><span style=\"color: #808080;\">Inicia sus estudios musicales a temprana edad, siendo a\u00fan ni\u00f1o interpreta obras de gran dificultad t\u00e9cnica, como la Sonata \u201cClaro de Luna\u201d de L. V. Beethoven y el concierto en Re Menor de Bach entre otros, en una audici\u00f3n ante las autoridades del Conservatorio Nacional de M\u00fasica de Quito, quienes reconocen el talento de esta joven promesa, siendo directamente aceptado en el 4to. a\u00f1o de M\u00fasico Profesional, gradu\u00e1ndose en el mismo establecimiento tres a\u00f1os m\u00e1s tarde.<\/span><\/span><\/p>\n<p style=\"text-align: justify;\"><span style=\"color: #808080;\">Simult\u00e1neamente se especializa en la escuela especial de piano &#8211; Fundaci\u00f3n Zaldumbide Rosales en la ciudad de Quito bajo la tutor\u00eda de la Mtra. Celia Zaldumbide y el Mstro. Toshko Stoyanov hasta sus 16 a\u00f1os, cuando viaja a estudiar en Mosc\u00fa \u2013 Rusia con con el Mstro. Mijail Karpov, la c\u00e9lebre concertista M. A. Feodorova alumna del reconocido pianista Henrich Neihaus y a Pavel Nearsesyan, gradu\u00e1ndose con honores y obteniendo la nota m\u00e1s alta en su concierto de grado en Mayo del 2.007.<\/span><\/p>\n<p style=\"text-align: justify;\"><span style=\"color: #808080;\">Andr\u00e9s Torres tiene un amplio repertorio desde el barroco hasta lo moderno, ha intervenido desde temprana edad en festivales de piano a nivel internacional como son el Verbier M\u00fasic Festival en Suiza, en el Festival Internacional Iberoamericano en Mosc\u00fa-Rusia, en el Festival Internacional de Piano de Bucaramanga en Colombia entre otros. En los que tuvo la oportunidad de compartir y nutrirse\u00a0 de la experiencia y conocimientos de grandes maestros de la talla de Martha Argerich, Mijail Pletnev, Alexei Volodin y muchos otros, quienes han elogiado la musicalidad\u00a0 y el temperamento de este joven talento.<\/span><\/p>\n<p style=\"text-align: justify;\"><span style=\"color: #808080;\">Ha tocado en diversos escenarios y con orquestas en todo el mundo, como en las Salas de Concierto del Conservatorio Tchaicovsky y en varias ciudades de Rusia, tambi\u00e9n en Stockholm, Helsinky, Paris, U. S. A. varios pa\u00edses de Sur Am\u00e9rica.<\/span><br \/>\n<span style=\"color: #808080;\"> Actualmente su actividad art\u00edstica est\u00e1 orientada a promover el desarrollo musical y cultural en su pa\u00eds Ecuador a trav\u00e9s del FEST &amp; ARTS (t\u00e9rmino que se le da al acto de fusionar e interrelacionar las artes, sin importar el numero que fueran o lo diversas que estas sean) tambi\u00e9n es una organizaci\u00f3n que busca apoyar a j\u00f3venes talentos en su desarrollo art\u00edstico.<\/span><\/p>\n","protected":false},"excerpt":{"rendered":"<p>Maestro Andr\u00e9s Torres Pianista Concertista Maestro en Bellas Artes, pianista concertista, m\u00fasico de C\u00e1mara, acompa\u00f1ante, correpetidor y tallerista, graduado con honores del afamado Conservatorio P. I. Tchaicovsky en Mosc\u00fa-Rusia. Inicia sus estudios musicales a temprana edad, siendo a\u00fan ni\u00f1o interpreta obras de gran dificultad t\u00e9cnica, como la Sonata \u201cClaro de Luna\u201d de L. V. Beethoven [&hellip;]<\/p>\n","protected":false},"author":1,"featured_media":0,"parent":0,"menu_order":0,"comment_status":"closed","ping_status":"closed","template":"","meta":[],"_links":{"self":[{"href":"https:\/\/andrestorres.info\/index.php?rest_route=\/wp\/v2\/pages\/2101"}],"collection":[{"href":"https:\/\/andrestorres.info\/index.php?rest_route=\/wp\/v2\/pages"}],"about":[{"href":"https:\/\/andrestorres.info\/index.php?rest_route=\/wp\/v2\/types\/page"}],"author":[{"embeddable":true,"href":"https:\/\/andrestorres.info\/index.php?rest_route=\/wp\/v2\/users\/1"}],"replies":[{"embeddable":true,"href":"https:\/\/andrestorres.info\/index.php?rest_route=%2Fwp%2Fv2%2Fcomments&post=2101"}],"version-history":[{"count":7,"href":"https:\/\/andrestorres.info\/index.php?rest_route=\/wp\/v2\/pages\/2101\/revisions"}],"predecessor-version":[{"id":2118,"href":"https:\/\/andrestorres.info\/index.php?rest_route=\/wp\/v2\/pages\/2101\/revisions\/2118"}],"wp:attachment":[{"href":"https:\/\/andrestorres.info\/index.php?rest_route=%2Fwp%2Fv2%2Fmedia&parent=2101"}],"curies":[{"name":"wp","href":"https:\/\/api.w.org\/{rel}","templated":true}]}}

Currículum

<h2 style="text-align: center;">Maestro Andrés Torres</h2>
<h3 style="text-align: center;">Pianista Concertista</h3>
<p style="text-align: center;"><a href="https://andrestorres.info/wp-content/uploads/2015/01/HV.png"><img loading="lazy" class="alignnone size-medium wp-image-2111" src="https://andrestorres.info/wp-content/uploads/2015/01/HV-225x300.png" alt="HV" width="225" height="300" srcset="https://andrestorres.info/wp-content/uploads/2015/01/HV-225x300.png 225w, https://andrestorres.info/wp-content/uploads/2015/01/HV.png 300w" sizes="(max-width: 225px) 100vw, 225px" /></a></p>
<p style="text-align: justify;"><span style="color: #808080;">Maestro en Bellas Artes, pianista concertista, músico de Cámara, acompañante, correpetidor y tallerista, graduado con honores del afamado Conservatorio P. I. Tchaicovsky en Moscú-Rusia.</span></p>
<p style="text-align: justify;"><span style="color: #000000;"><span style="color: #808080;">Inicia sus estudios musicales a temprana edad, siendo aún niño interpreta obras de gran dificultad técnica, como la Sonata “Claro de Luna” de L. V. Beethoven y el concierto en Re Menor de Bach entre otros, en una audición ante las autoridades del Conservatorio Nacional de Música de Quito, quienes reconocen el talento de esta joven promesa, siendo directamente aceptado en el 4to. año de Músico Profesional, graduándose en el mismo establecimiento tres años más tarde.</span></span></p>
<p style="text-align: justify;"><span style="color: #808080;">Simultáneamente se especializa en la escuela especial de piano &#8211; Fundación Zaldumbide Rosales en la ciudad de Quito bajo la tutoría de la Mtra. Celia Zaldumbide y el Mstro. Toshko Stoyanov hasta sus 16 años, cuando viaja a estudiar en Moscú – Rusia con con el Mstro. Mijail Karpov, la célebre concertista M. A. Feodorova alumna del reconocido pianista Henrich Neihaus y a Pavel Nearsesyan, graduándose con honores y obteniendo la nota más alta en su concierto de grado en Mayo del 2.007.</span></p>
<p style="text-align: justify;"><span style="color: #808080;">Andrés Torres tiene un amplio repertorio desde el barroco hasta lo moderno, ha intervenido desde temprana edad en festivales de piano a nivel internacional como son el Verbier Músic Festival en Suiza, en el Festival Internacional Iberoamericano en Moscú-Rusia, en el Festival Internacional de Piano de Bucaramanga en Colombia entre otros. En los que tuvo la oportunidad de compartir y nutrirse  de la experiencia y conocimientos de grandes maestros de la talla de Martha Argerich, Mijail Pletnev, Alexei Volodin y muchos otros, quienes han elogiado la musicalidad  y el temperamento de este joven talento.</span></p>
<p style="text-align: justify;"><span style="color: #808080;">Ha tocado en diversos escenarios y con orquestas en todo el mundo, como en las Salas de Concierto del Conservatorio Tchaicovsky y en varias ciudades de Rusia, también en Stockholm, Helsinky, Paris, U. S. A. varios países de Sur América.</span><br />
<span style="color: #808080;"> Actualmente su actividad artística está orientada a promover el desarrollo musical y cultural en su país Ecuador a través del FEST &amp; ARTS (término que se le da al acto de fusionar e interrelacionar las artes, sin importar el numero que fueran o lo diversas que estas sean) también es una organización que busca apoyar a jóvenes talentos en su desarrollo artístico.</span></p>

<p>Maestro Andrés Torres Pianista Concertista Maestro en Bellas Artes, pianista concertista, músico de Cámara, acompañante, correpetidor y tallerista, graduado con honores del afamado Conservatorio P. I. Tchaicovsky en Moscú-Rusia. Inicia sus estudios musicales a temprana edad, siendo aún niño interpreta obras de gran dificultad técnica, como la Sonata “Claro de Luna” de L. V. Beethoven [&hellip;]</p>
